{"id":201,"date":"2017-09-29T11:37:49","date_gmt":"2017-09-29T09:37:49","guid":{"rendered":"https:\/\/asso.alternaweb.org\/grossesseimprevue\/?page_id=201"},"modified":"2020-05-17T11:37:14","modified_gmt":"2020-05-17T09:37:14","slug":"bonendroit","status":"publish","type":"page","link":"https:\/\/grossesseimprevue.fr\/index.php\/bonendroit\/","title":{"rendered":"Pourquoi ce site et \u00e0 qui est-il destin\u00e9 ?"},"content":{"rendered":"\n\t<h1><strong>Pourquoi ce site et \u00e0 qui est-il destin\u00e9 ?<\/strong><\/h1>\n\t<h3>Bienvenue sur ce site d\u00e9di\u00e9e \u00e0 la grossesse impr\u00e9vue et \u00e0 ses issues possible : recourir \u00e0 l&rsquo;IVG, faire adopter l&rsquo;enfant ou le garder<\/h3>\n\t<h2><strong>Vous \u00eates au bon endroit !<\/strong><\/h2>\n\t<p>Ici, vous ne trouverez aucun jugement moral sur l&rsquo;IVG, la mise \u00e0 l&rsquo;adoption du b\u00e9b\u00e9 ou la garde du b\u00e9b\u00e9. Nous traiterons toutes ces possibilit\u00e9s de mani\u00e8re aussi neutre que possible. Parce que chacune peut\u00a0\u00eatre la solution adapt\u00e9e \u00e0 votre situation particuli\u00e8re et unique.<\/p>\n\t<h3>Si vous venez de d\u00e9couvrir que vous \u00eates enceinte et que<\/h3>\n\t<ul>\n<li>\n<p>Vous avez de nombreuses questions sans r\u00e9ponses<\/p>\n<\/li>\n<li>\n<p>Vous avez besoin d&rsquo;informations et de points de rep\u00e8re sas jugement pour commencer \u00e0 r\u00e9fl\u00e9chir \u00e0 l&rsquo;avenir de votre grossesse<\/p>\n<\/li>\n<li>\n<p>Vous voulez \u00eatre accompagn\u00e9e et non dirig\u00e9e pour faire votre choix<\/p>\n<\/li>\n<li>\nVotre identit\u00e9 de genre, un d\u00e9ni de grossesse ou toute autre circonstances complique encore plus cette situation<br \/>\n\n<\/li>\n<\/ul>\n<p>Vous \u00eates au bon endroit.<\/p>\n\t<h3>Si, enceinte, vous avez d\u00e9cid\u00e9 ce que vous voulez faire de votre grossesse et que\u00a0\u200b<\/h3>\n\t<ul>\n<li>\n<p>Vous avez besoin de savoir comment r\u00e9aliser votre d\u00e9cision en \u00e9vitant au mieux les difficult\u00e9s<\/p>\n<\/li>\n<li>\n<p>Vous cherchez des informations, du soutien et\/ou un espace de parole\u00a0<\/p>\n<\/li>\n<li>\n<p>Vous cherchez des t\u00e9moignages pour vous rassurer ou vous donner des informations sur la voie que vous avez choisie<\/p>\n<\/li>\n<li>\n<p>Vous avez besoin d&rsquo;une aide sp\u00e9cifique parce que votre cas particulier complique votre suivi<\/p>\n<\/li>\n<\/ul>\n<p>&nbsp;<\/p>\n<p>Vous \u00eates au bon endroit<\/p>\n\t<h3>Si vous \u00eates le\/la partenaire sexuel(le), le compagnon ou la compagne d&rsquo;une personne enceinte qui s&rsquo;interroge sur son \u00e9tat et ses suites possibles et que<\/h3>\n\t<ul>\n<li>\n<p>Vous d\u00e9sirez r\u00e9fl\u00e9chir avec elle de mani\u00e8re responsable et respectueuse de ses choix et contraintes concernant l&rsquo;avenir de sa grossesse.<\/p>\n<\/li>\n<li>\n<p>Vous cherchez \u00e0 comprendre le fameux \u00ab\u00a0mon corps, mon choix\u00a0\u00bb dans un contexte o\u00f9 vous \u00eates pleinement impliqu\u00e9<\/p>\n&nbsp;<\/li>\n<li>\n<p>Vous voulez comprendre les implications des diff\u00e9rentes issues possibles \u00e0 une grossesse<\/p>\n<\/li>\n<\/ul>\n<p>Vous \u00eates au bon endroit.<\/p>\n\t<h3>Si vous \u00eates un soignant amen\u00e9 \u00e0 prendre en charge une personne enceinte confront\u00e9e \u00e0 une grossesse impr\u00e9vue et que<\/h3>\n\t<ul>\n<li>\n<p>Vous souhaitez offrir un accompagnement m\u00e9dical ou param\u00e9dical bienveillant et respectueux des choix de cette personne.<\/p>\n&nbsp;<\/li>\n<li>\n<p>Vous avez \u00e0 c\u0153ur d&rsquo;att\u00e9nuer les difficult\u00e9s et inqui\u00e9tudes li\u00e9es aux interactions avec le milieu m\u00e9dical<\/p>\n&nbsp;<\/li>\n<li>\n<p>Vous d\u00e9sirez lire le v\u00e9cu de personnes confront\u00e9es \u00e0 la maltraitance m\u00e9dicale et gyn\u00e9cologique afin d&rsquo;am\u00e9liorer votre pratique<\/p>\n&nbsp;<\/li>\n<\/ul>\n<p>Vous \u00eates au bon endroit.<\/p>\n\t<h3>Si vous \u00eates proche d&rsquo;une personne enceinte (famille, amis&#8230;) et que<\/h3>\n\t<ul>\n<li>\n<p>Vous voulez l&rsquo;accompagner dans sa r\u00e9flexion et dans son choix avec respect et bienveillance<\/p>\n&nbsp;<\/li>\n<li>\n<p>Vous souhaitez confronter vos id\u00e9es re\u00e7ues sur la grossesse impr\u00e9vue \u00e0 d&rsquo;autres ressources et points de vue<\/p>\n&nbsp;<\/li>\n<li>\n<p>Vous voulez comprendre les enjeux d&rsquo;une grossesse impr\u00e9vue, afin d&rsquo;aborder le sujet avec votre proche plus facilement<\/p>\n&nbsp;<\/li>\n<\/ul>\n<h4>Vous \u00eates au bon endroit.<\/h4>\n\t<h3>Si vous \u00eates simplement une personne curieuse de creuser toutes les questions tournant autour de la grossesse impr\u00e9vue et de ses suites et que<\/h3>\n\t<ul>\n<li>\n<p>Vous \u00eates pr\u00eat \u00e0\u00a0faire l&rsquo;effort d&rsquo;\u00e9couter avec respect des t\u00e9moignages, v\u00e9cus et prises de position vari\u00e9s, m\u00eame s&rsquo;ils heurtent vos certitudes<\/p>\n<\/li>\n<li>\n<p>Vous voulez comprendre les diff\u00e9rentes probl\u00e9matiques autour de ce sujet en \u00e9vitant les id\u00e9es re\u00e7ues<\/p>\n<\/li>\n<li>\n<p>Vous cherchez un espace de discussion respectueux<\/p>\n<\/li>\n<\/ul>\n<h4>Vous \u00eates au bon endroit.<\/h4>\n\t<h4>Et nous vous souhaitons la bienvenue !<\/h4>\n\t\t\t\t<img decoding=\"async\" src=\"https:\/\/asso.alternaweb.org\/grossesseimprevue\/wp-content\/uploads\/sites\/796\/2019\/07\/Bienvenue_1562971868-300x156.jpg\" alt=\"Un panneau fleuri &quot;Bienenue&quot;\" itemprop=\"image\" title=\"Bienvenue\" onerror=\"this.style.display='none'\"  \/>\n","protected":false},"excerpt":{"rendered":"<p>Pourquoi ce site et \u00e0 qui est-il destin\u00e9 ? Bienvenue sur ce site d\u00e9di\u00e9e \u00e0 la grossesse impr\u00e9vue et \u00e0 ses issues possible : recourir \u00e0 l&rsquo;IVG, faire adopter l&rsquo;enfant ou le garder Vous \u00eates au bon endroit ! Ici,<\/p>\n","protected":false},"author":2,"featured_media":0,"parent":0,"menu_order":0,"comment_status":"closed","ping_status":"closed","template":"","meta":{"footnotes":""},"class_list":["post-201","page","type-page","status-publish","hentry"],"_links":{"self":[{"href":"https:\/\/grossesseimprevue.fr\/index.php\/wp-json\/wp\/v2\/pages\/201","targetHints":{"allow":["GET"]}}],"collection":[{"href":"https:\/\/grossesseimprevue.fr\/index.php\/wp-json\/wp\/v2\/pages"}],"about":[{"href":"https:\/\/grossesseimprevue.fr\/index.php\/wp-json\/wp\/v2\/types\/page"}],"author":[{"embeddable":true,"href":"https:\/\/grossesseimprevue.fr\/index.php\/wp-json\/wp\/v2\/users\/2"}],"replies":[{"embeddable":true,"href":"https:\/\/grossesseimprevue.fr\/index.php\/wp-json\/wp\/v2\/comments?post=201"}],"version-history":[{"count":5,"href":"https:\/\/grossesseimprevue.fr\/index.php\/wp-json\/wp\/v2\/pages\/201\/revisions"}],"predecessor-version":[{"id":1357,"href":"https:\/\/grossesseimprevue.fr\/index.php\/wp-json\/wp\/v2\/pages\/201\/revisions\/1357"}],"wp:attachment":[{"href":"https:\/\/grossesseimprevue.fr\/index.php\/wp-json\/wp\/v2\/media?parent=201"}],"curies":[{"name":"wp","href":"https:\/\/api.w.org\/{rel}","templated":true}]}}