{"id":2609,"date":"2025-09-23T18:09:06","date_gmt":"2025-09-23T16:09:06","guid":{"rendered":"https:\/\/grossesseimprevue.fr\/?page_id=2609"},"modified":"2026-01-08T21:08:21","modified_gmt":"2026-01-08T20:08:21","slug":"les-interviews","status":"publish","type":"page","link":"https:\/\/grossesseimprevue.fr\/index.php\/les-interviews\/","title":{"rendered":"Les interviews"},"content":{"rendered":"\n\n\t<h1><strong>Les interviews de Grossesse Impr\u00e9vue<\/strong><\/h1>\n\t<p>Parce qu&rsquo;autour de la grossesse, il existe mille regards et mille situations, nous vous proposons ici quelques interviews. Au fil des paroles recueillies, nous esp\u00e9rons que vous pourrez trouver quelques r\u00e9ponses aux questions que vous vous posez, apprendre des choses&#8230; ou simplement d\u00e9couvrir des parcours singuliers.<\/p>\n<p>&nbsp;<\/p>\n\t\t\t\t<img decoding=\"async\" src=\"https:\/\/grossesseimprevue.fr\/wp-content\/uploads\/2025\/09\/Micro-300x200.jpeg\" alt=\"[Image d'illustration] Un micro sur fond blanc\" itemprop=\"image\" height=\"200\" width=\"300\" title=\"Micro\" onerror=\"this.style.display='none'\" loading=\"lazy\" \/>\n\t<h2 id=\"Particuliers\"><strong>Interviews de particuliers<\/strong><\/h2>\n\t<a href=\"https:\/\/grossesseimprevue.fr\/index.php\/interview-sushina-lagouje\/\"\nInterview de Sushina Lagouje, \u00e9crivaine, prof et maman handicap\u00e9e\n\n\t<p><\/a><a href=\"https:\/\/grossesseimprevue.fr\/index.php\/interview-sushina-lagouje\/\"><strong>Interview de Sushina Lagouje, prof, \u00e9crivaine et m\u00e8re handicap\u00e9e<\/strong><\/a>\n\n","protected":false},"excerpt":{"rendered":"<p>Les interviews de Grossesse Impr\u00e9vue Parce qu&rsquo;autour de la grossesse, il existe mille regards et mille situations, nous vous proposons ici quelques interviews. Au fil des paroles recueillies, nous esp\u00e9rons que vous pourrez trouver quelques r\u00e9ponses aux questions que vous<\/p>\n","protected":false},"author":1,"featured_media":0,"parent":0,"menu_order":0,"comment_status":"closed","ping_status":"closed","template":"","meta":{"footnotes":""},"class_list":["post-2609","page","type-page","status-publish","hentry"],"_links":{"self":[{"href":"https:\/\/grossesseimprevue.fr\/index.php\/wp-json\/wp\/v2\/pages\/2609","targetHints":{"allow":["GET"]}}],"collection":[{"href":"https:\/\/grossesseimprevue.fr\/index.php\/wp-json\/wp\/v2\/pages"}],"about":[{"href":"https:\/\/grossesseimprevue.fr\/index.php\/wp-json\/wp\/v2\/types\/page"}],"author":[{"embeddable":true,"href":"https:\/\/grossesseimprevue.fr\/index.php\/wp-json\/wp\/v2\/users\/1"}],"replies":[{"embeddable":true,"href":"https:\/\/grossesseimprevue.fr\/index.php\/wp-json\/wp\/v2\/comments?post=2609"}],"version-history":[{"count":5,"href":"https:\/\/grossesseimprevue.fr\/index.php\/wp-json\/wp\/v2\/pages\/2609\/revisions"}],"predecessor-version":[{"id":2621,"href":"https:\/\/grossesseimprevue.fr\/index.php\/wp-json\/wp\/v2\/pages\/2609\/revisions\/2621"}],"wp:attachment":[{"href":"https:\/\/grossesseimprevue.fr\/index.php\/wp-json\/wp\/v2\/media?parent=2609"}],"curies":[{"name":"wp","href":"https:\/\/api.w.org\/{rel}","templated":true}]}}