{"id":593,"date":"2019-07-14T14:53:13","date_gmt":"2019-07-14T12:53:13","guid":{"rendered":"https:\/\/asso.alternaweb.org\/grossesseimprevue\/?page_id=593"},"modified":"2025-10-14T21:47:23","modified_gmt":"2025-10-14T19:47:23","slug":"premiers-elements-de-reflexion","status":"publish","type":"page","link":"https:\/\/grossesseimprevue.fr\/index.php\/premiers-elements-de-reflexion\/","title":{"rendered":"Premiers \u00e9l\u00e9ments de r\u00e9flexion"},"content":{"rendered":"\n\n\t<h1><strong>Je viens d&rsquo;apprendre que je suis enceinte et je suis perdue, que faire ?<\/strong><\/h1>\n\t<p>D&rsquo;abord,sachez que tout peut tr&egrave;s bien se passer, quelle que soit votre d&eacute;cision concernant l&rsquo;avenir de la grossesse. Des solutions existent. Vous ne serez pas seule dans vos d&eacute;marches. Notre site va vous prroposer diff&eacute;rentes ressources et r&eacute;ponses. Les professionnels de sant&eacute; pourront vous soutenir dans votre parcours, ainsi que des associations si vous le souhaitez.<\/p>\n\t<h5><strong>Sommaire <\/strong><\/h5>\n\t<p><a href=\"#choix\"><strong>&#8211; Le choix vous appartient<\/strong><\/a><\/p>\n<p><a href=\"#debut\"><strong>&#8211; D\u00e9but du travail de r\u00e9flexion<\/strong><\/a><\/p>\n<p><a href=\"#ivg\"><strong>&#8211; L&rsquo;interruption volontaire de grossesse<\/strong><\/a><\/p>\n<p><a href=\"#adoption\"><strong>&#8211; La remise \u00e0 l&rsquo;adoption du b\u00e9b\u00e9<\/strong><\/a><\/p>\n<p><a href=\"#garde\"><strong>&#8211; la garde du b\u00e9b\u00e9<\/strong><\/a><\/p>\n\t<h2 id=\"choix\"><strong>Le choix vous appartient<\/strong><\/h2>\n\t\t\t\t<img loading=\"lazy\" decoding=\"async\" src=\"https:\/\/grossesseimprevue.fr\/wp-content\/uploads\/2019\/11\/Relaxation_1573301498-300x200.jpg\" alt=\"Une femme qui fait du yoga, zen\" itemprop=\"image\" height=\"200\" width=\"300\" title=\"Relaxation\" onerror=\"this.style.display='none'\"  \/>\n\t<p><strong>Vous avez un certain nombre de questions \u00e0 vous poser afin de faire votre choix.<\/strong> En vrac et dans le d\u00e9sordre, les circonstances de votre grossesse, le fait que vous soyez en couple ou non, vos valeurs, votre sant\u00e9 physique et psychique, vos d\u00e9sirs personnels, etc&#8230; sont des facteurs qui influenceront votre d\u00e9cision. Chaque personne a sa fa\u00e7on d&rsquo;envisager les choses, selon son cas particulier.<\/p>\n<p>&nbsp;<\/p>\n<p>Il va vous falloir faire le tri dans vos pens\u00e9es\u00a0: s\u00e9parer vos besoins, vos envies, vos craintes&#8230; mais avant de d\u00e9marrer ce lent processus, il est important de vous mettre en t\u00eate une r\u00e8gle d&rsquo;or, qui devra guider votre cheminement vers le choix qui vous conviendra le mieux\u00a0:\u00a0vous \u00eates la seule et unique personne qui pourra d\u00e9cider de ce que vous ferez de la graine qui germe en vous.<\/p>\n<p>&nbsp;<\/p>\n<p>Embryon, enfant, amas de cellules, quelle que soit la forme sous laquelle vous concevez cette potentialit\u00e9 de vie humaine, vous ne lui devez pas plus qu&rsquo;\u00e0 vous-m\u00eame. Il est important de vous rappeler que vous \u00eates embarqu\u00e9e dans <strong>une probl\u00e9matique qui vous concerne en tout premier lieu, ne serait-ce que parce que votre \u00e9tat conditionne celui de l&rsquo;\u00e9ventuel enfant \u00e0 na\u00eetre.<\/strong> Pour dire les choses plus clairement\u00a0: si vous envisagez de poursuivre votre grossesse, vous devez vous sentir capable de le faire et ne pas aller trop au-del\u00e0 de vos limites, car sans vous, pas de mise au monde possible.<\/p>\n<p>&nbsp;<\/p>\n<p><strong>Quant aux gens qui vous entourent, ils n&rsquo;auront pas \u00e0 supporter intimement plusieurs mois de transformation physique, hormonale, etc&#8230;<\/strong> Bien entendu, votre grossesse peut avoir un impact plus ou moins important sur leur propre vie, mais ils ne seront jamais en toute premi\u00e8re ligne. <\/p>\n<p>M\u00eame s&rsquo;il s&rsquo;agit de votre conjoint. M\u00eame si vous \u00eates mineure et eux adultes. M\u00eame s&rsquo;ils se sentent impliqu\u00e9s. M\u00eame s&rsquo;ils veulent \u00ab\u00a0votre bien\u00a0\u00bb.<\/p>\n<p>Ils ont le droit de vous donner leur avis si vous le sollicitez, mais<strong>\u00a0ils n&rsquo;ont pas \u00e0 vous l&rsquo;imposer, directement ou non.<\/strong>\u00a0Vous n&rsquo;avez pas \u00e0 supporter infantilisation, chantage affectif, menaces, le\u00e7ons de morale&#8230;\u00a0 Vous \u00eates l\u00e9gitime \u00e0 exiger qu&rsquo;on respecte vos souhaits.\u200b<\/p>\n<p>&nbsp;<\/p>\n<p>Gardez cette information en t\u00eate\u00a0: <strong>En cas de grossesse, vous \u00eates la personne \u00e0 prendre en compte \u00e0 tout prix, et ce quelle que soit votre choix.<\/strong><\/p>\n\t<h2 id=\"debut\"><strong>D\u00e9but du travail de r\u00e9flexion<\/strong><\/h2>\n\t<p>Si vous avez compris que vous \u00eates la personne la plus importante de l&rsquo;affaire, vous pouvez passer \u00e0 l&rsquo;\u00e9tape suivante de votre cheminement. La premi\u00e8re o\u00f9 vous allez esquisser les contours de votre choix. <strong>Celle o\u00f9 vous allez examiner ce que vous pouvez faire de cette grossesse, mais aussi ce que vous VOULEZ en faire.<\/strong><\/p>\n<p>Parlons un peu concr\u00e8tement des trois issues possibles \u00e0 votre situation\u00a0: IVG, mise \u00e0 l&rsquo;adoption, garde de l&rsquo;enfant. Sur cette page, vous aurez un r\u00e9sum\u00e9 de chaque option. Ca vous permettra de d\u00e9grossir votre r\u00e9flexion. <\/p>\n<strong>Si vous voulez approfondir, vous pouvez\u00a0aller lire les pages d\u00e9taill\u00e9es d\u00e9di\u00e9es :<br \/>\n<a href=\"https:\/\/grossesseimprevue.fr\/index.php\/linterruption-volontaire-de-grossesse\/\">Page IVG<\/a><br \/>\n<a href=\"https:\/\/grossesseimprevue.fr\/index.php\/confier-le-bebe-a-ladoption\/\">Page adoption\/accouchement sous x<\/a><br \/>\n<a href=\"https:\/\/grossesseimprevue.fr\/index.php\/garder-le-bebe\/\">Page garde du b\u00e9b\u00e9<\/a><\/strong>\n\t<h3 id=\"ivg\">L&rsquo;interruption volontaire de grossesse (IVG)<\/h3>\n\t\t\t\t<img loading=\"lazy\" decoding=\"async\" src=\"https:\/\/grossesseimprevue.fr\/wp-content\/uploads\/2019\/11\/m\u00e9decin_1573303238-300x200.jpg\" alt=\"[Image d'illustration] Une soignante en tenue de bloc, st\u00e9thoscope autour du cou\" itemprop=\"image\" height=\"200\" width=\"300\" title=\"M\u00e9decin\" onerror=\"this.style.display='none'\"  \/>\n\t<p>L&rsquo;IVG est abord\u00e9e ici en premier en dehors de toute consid\u00e9ration \u00e9thique ou morale. C&rsquo;est simplement la seule option soumise \u00e0 un d\u00e9lai. <strong>Au-del\u00e0 des quatorze semaines de grossesse\/seize semaines d&rsquo;am\u00e9norrh\u00e9e, elle n&rsquo;est plus possible en France.<\/strong><\/p>\n<p>L&rsquo;interruption volontaire de grossesse est une intervention m\u00e9dicale, parfois chirurgicale, qui a pour but de stopper l&rsquo;\u00e9volution de l&#8217;embryon et de l&rsquo;\u00e9vacuer du corps de la femme.<strong>\u00a0<\/strong><\/p>\n<p>Le parcours pour b\u00e9n\u00e9ficier de l&rsquo;IVG est peu ais\u00e9. Th\u00e9oriquement, les d\u00e9marches sont plus simples depuis qu<strong>&lsquo;on a supprim\u00e9 de la loi fran\u00e7aise la notion de d\u00e9tresse maternelle.<\/strong> Par exemple les personnes majeures ne sont plus oblig\u00e9es d&rsquo;avoir un entretien psycho-social. Cet entretien est n\u00e9anmoins syst\u00e9matiquement propos\u00e9 et reste obligatoire pour les personnes mineures.<\/p>\n<p>&nbsp;<\/p>\n<p>Il faut encore pr\u00e9voir<strong> deux consultations m\u00e9dicales impos\u00e9es<\/strong>, espac\u00e9es d&rsquo;une semaine minimum l&rsquo;une de l&rsquo;autre. Vous pouvez prendre rendez-vous avec votre m\u00e9decin traitant, un gyn\u00e9cologue ou une sage-femme. Vous pouvez \u00e9galement aller dans un centre de plannification.<\/p>\n<p> Lors de la seconde consultation, vous allez pr\u00e9ciser avec le soignant <strong>la m\u00e9thode choisie pour interrompre la grossesse. <\/strong>Vous devrez\u00a0r\u00e9diger un consentement \u00e9crit \u00e0 l&rsquo;IVG. Enfin, vous conviendrez ensemble une date pour programmer l&rsquo;IVG proprement dite.<\/p>\n<p>&nbsp;<\/p>\n<p>Bref, le temps n\u00e9cessaire pour mener \u00e0 bien le processus est assez cons\u00e9quent. Il faut tenir compte de ce param\u00e8tre et \u00eatre aussi r\u00e9active que possible pour faire avancer les choses. D&rsquo;autant que d&rsquo;autres obstacles peuvent se pr\u00e9senter.<\/p>\n<p>&nbsp;<\/p>\n<p>Il faut savoir que <strong>certains soignants ont un positionnement personnel contre l&rsquo;IVG et compliquent le parcours pour y acc\u00e9der.<\/strong>\u00a0Ils peuvent\u00a0 refuser de pratiquer cet acte ou d&rsquo;aider \u00e0 son accomplissement. Parfois ils usent de culpabilisation ou de manoeuvres d\u00e9tourn\u00e9es pour vous bloquer.\u00a0<\/p>\n<p>Dans tous les cas vous perdrez du temps. Et vous n&rsquo;avez pas besoin de \u00e7a.<\/p>\n<p>Une fois d\u00e9cid\u00e9e \u00e0 recourir \u00e0 l&rsquo;IVG, vous devrez vous pr\u00e9parer \u00e0 affronter l&rsquo;hostilit\u00e9 de professionnels pourtant normalement l\u00e0 pour vous \u00e9pauler en ces circonstances difficiles. <\/p>\n<p>D&rsquo;autres personnes et associations pro-vie tenteront peut-\u00eatre elles aussi de vous faire modifier votre d\u00e9cision ou de perturber son ex\u00e9cution. <\/p>\n<p>Comme toujours le choix vous appartient. Sachez simplement multiplier les sources d&rsquo;information. <\/p>\n<p>Si vous restez h\u00e9sitante, sachez que vous pouvez renoncer jusqu&rsquo;\u00e0 la derni\u00e8re seconde. Vous pouvez donc entamer les d\u00e9marches et voir ensuite si vous allez jusqu&rsquo;au bout. <\/p>\n<p>Si vous \u00eates s\u00fbre de vouloir recourir \u00e0 l&rsquo;IVG, foncez !\u00a0\u200b<\/p>\n<p>Toutes ces difficult\u00e9s peuvent vous inqui\u00e9ter. Finissons donc cette partie\u00a0sur une chose rassurante !<\/p>\n<p>Contrairement \u00e0 ce qui est souvent dit par les d\u00e9tracteurs de l&rsquo;IVG, <strong>il est parfaitement possible de se remettre sans s\u00e9quelles d&rsquo;un avortement. <\/strong>Vous ne devenez pas non plus une criminelle, un monstre ou toute autre appellation p\u00e9jorative. Vous avez simplement fait un choix, <strong>le meilleur pour vous au vu des \u00e9l\u00e9ments que vous avez en main au moment o\u00f9 vous le faites.<\/strong><\/p>\n<p>&nbsp;<\/p>\n<p><strong>Si vous d\u00e9sirez des informations plus d\u00e9velopp\u00e9es sur l&rsquo;IVG vous pouvez vous rendre sur la <a href=\"https:\/\/grossesseimprevue.fr\/index.php\/linterruption-volontaire-de-grossesse\/\">page d\u00e9di\u00e9e<\/a> sur notre site.<\/strong><\/p>\n\t<h3 id=\"adoption\">La remise \u00e0 l&rsquo;adoption de l&rsquo;enfant<\/h3>\n\t\t\t\t<img loading=\"lazy\" decoding=\"async\" src=\"https:\/\/grossesseimprevue.fr\/wp-content\/uploads\/2019\/07\/Maternit\u00e9_1562884015-300x169.jpg\" alt=\"[Image d'illustration] Une cigogne en vol transporte un b\u00e9b\u00e9\" itemprop=\"image\" height=\"169\" width=\"300\" title=\"Maternit\u00e9\" onerror=\"this.style.display='none'\"  \/>\n\t<p>La mise \u00e0 l&rsquo;adoption d&rsquo;un nouveau-n\u00e9 est une d\u00e9marche volontaire de la personne enceinte, qui ne s&rsquo;estime pas en mesure d&rsquo;assumer le bien-\u00eatre du b\u00e9b\u00e9 \u00e0 na\u00eetre. Cette personne n&rsquo;a pas \u00e0 s&rsquo;en justifier ni \u00e0 d\u00e9voiler son identit\u00e9 lors de son suivi et de son accouchement si elle ne le souhaite pas.<\/p>\n<p>\u00a0<\/p>\n<p>Si vous envisagez accoucher sous x, retenez qu&rsquo;<strong>aucun \u00e9tablissement de sant\u00e9 ne peut exiger que vous lui fournissiez un document d&rsquo;identit\u00e9 si vous lui signalez votre intention (source <a href=\"https:\/\/www.legifrance.gouv.fr\/affichCodeArticle.do?cidTexte=LEGITEXT000006070721&amp;idArticle=LEGIARTI000006425118&amp;dateTexte=&amp;categorieLien=cid\">ICI<\/a>).<\/strong> <\/p>\n<p>L&rsquo;accouchement sous x est assez peu demand\u00e9 en France. Entre 2007 et 2013, on estime qu&rsquo;il s&rsquo;en est d\u00e9roul\u00e9 665 par an en moyenne (source I<a href=\"https:\/\/fr.wikipedia.org\/wiki\/Accouchement_sous_le_secret\">CI<\/a>). C&rsquo;est peu ! Du coup, il arrive que les soignants ne soient pas au point sur les proc\u00e9dures.I<\/p>\n<p>ll peut donc \u00eatre utile d&rsquo;\u00eatre aid\u00e9e par des associations et\/ou par la Protection Maternelle et Infantile afin de faire respecter vos droits. <\/p>\n<p>Un accompagnement psycho-social vous sera probablement propos\u00e9 pour vous soutenir et vous permettre d&rsquo;appr\u00e9hender au mieux votre d\u00e9cision et ses suites.<\/p>\n<p><strong>L<\/strong><strong>\u00e9galement c&rsquo;est vous qui ma\u00eetrisez les \u00e9l\u00e9ments que vous acceptez de divulguer aux personnes qui suivront votre dossier.<\/strong>\u00a0Vous pouvez laisser sous pli ferm\u00e9\u00a0<\/p>\n<p>&#8211; des d\u00e9tails sur votre identit\u00e9,<\/p>\n<p>&#8211; des \u00e9l\u00e9ments sur votre sant\u00e9 et celle de votre partenaire procr\u00e9ateur,<\/p>\n<p>&#8211; votre histoire de vie\u00a0<\/p>\n<p>&#8211; le pourquoi de votre d\u00e9cision de confier le b\u00e9b\u00e9&#8230;<\/p>\n<p>tout ce que vous souhaitez transmettre sera gard\u00e9 et remis \u00e0 l&rsquo;enfant devenu majeur s&rsquo;il d\u00e9cide de rechercher ses origines biologiques. En aucun cas le secret de votre identit\u00e9 ne sera lev\u00e9 sans votre accord. <\/p>\n<p>\u00a0Vous n&rsquo;\u00eates pas oblig\u00e9e d&rsquo;en tenir compte, mais\u00a0sachez qu&rsquo;en g\u00e9n\u00e9ral un enfant adopt\u00e9 deveu grand aura envie et\/ou besoin de retrouver le maximum d&rsquo;\u00e9l\u00e9ments sur ses origines.<\/p>\n<p>\u00a0<\/p>\n<p>Si vous d\u00e9cidez de mener votre grossesse \u00e0 terme et de confier \u00e0 l&rsquo;adoption <strong>l&rsquo;enfant que vous aurez port\u00e9, ce dernier sera plac\u00e9 en pouponni\u00e8re apr\u00e8s sa naissance et ses soins seront assur\u00e9s par les \u00e9quipes de l&rsquo;Aide Sociale \u00e0 l&rsquo;Enfance.<\/strong> L&rsquo;enfant deviendra, provisoirement au moins, pupille de l&rsquo;Etat.<\/p>\n<p>&nbsp;<\/p>\n<p>Comme pour l&rsquo;IVG, <strong>vos raisons de confier votre enfant \u00e0 l&rsquo;adoption vous appartiennent<\/strong> et les cons\u00e9quences sur vous et le b\u00e9b\u00e9 d\u00e9pendront pour beaucoup des circonstances :\u00a0<\/p>\n<p>&#8211; bienveillance et soutien professionnel dans votre prise en charge et celle de l&rsquo;enfant, <\/p>\n<p>&#8211; entourage pr\u00e9sent et soutenant<\/p>\n<p>&#8211;\u00a0situation sociale un minimum stabilis\u00e9e<\/p>\n<p>sont autant de facteurs favorisant une bonne reconstruction apr\u00e8s cette \u00e9tape qui peut \u00eatre extr\u00eamement difficile \u00e0 mener et \u00e0 dig\u00e9rer \u00e9motionnellement.\u00a0N&rsquo;h\u00e9sitez pas \u00e0 demander de l&rsquo;aide.\u00a0<\/p>\n<p>&nbsp;<\/p>\n<p><strong>Si vous d\u00e9sirez des informations plus d\u00e9velopp\u00e9es sur la mise \u00e0 l&rsquo;adoption d&rsquo;un enfant, vous pouvez vous rendre sur la <a href=\"https:\/\/grossesseimprevue.fr\/index.php\/confier-le-bebe-a-ladoption\/\">page d\u00e9di\u00e9e<\/a> de notre site<\/strong><\/p>\n\t<h3 id=\"garde\">La garde du b\u00e9b\u00e9<\/h3>\n\t\t\t\t<img loading=\"lazy\" decoding=\"async\" src=\"https:\/\/grossesseimprevue.fr\/wp-content\/uploads\/2019\/11\/black_mum_1575123040-300x225.jpg\" alt=\"[Image d'illustration] M\u00e8re qui embrasse son b\u00e9b\u00e9\" itemprop=\"image\" height=\"225\" width=\"300\" title=\"C\u00e2lin\" onerror=\"this.style.display='none'\"  \/>\n\t<p>Garder l&rsquo;enfant issu d&rsquo;une grossesse est <strong>la position qui implique un engagement \u00e0 long terme vis-\u00e0-vis du b\u00e9b\u00e9<\/strong>, mais \u00e9galement de la soci\u00e9t\u00e9. En contrepartie, c&rsquo;est \u00e9galement <strong>dans ce cadre que le plus d&rsquo;aides mat\u00e9rielles, financi\u00e8res, techniques et psychologiques sont pr\u00e9vues.<\/strong> <\/p>\n<p>M\u00eame si elles ne sont pas toujours performantes ou adapt\u00e9es \u00e0 votre situation, l&rsquo;\u00e9ventail de possibilit\u00e9s est g\u00e9n\u00e9ralement assez large pour pouvoir y trouver un minimum votre compte.<\/p>\n<p>&nbsp;<\/p>\n<p><strong>Le b\u00e9b\u00e9 sera enti\u00e8rement d\u00e9pendant des adultes pr\u00e9sents autour de lui pour tous ses gestes et besoins les plus \u00e9l\u00e9mentaires.<\/strong> Si vous choisissez de devenir son parent, n&rsquo;h\u00e9sitez donc pas \u00e0 vous faire accompagner par votre entourage si c&rsquo;est possible afin de pouvoir g\u00e9rer au mieux les premiers mois d&rsquo;adaptation \u00e0 une vie de parent. En compl\u00e9ment ou \u00e0 d\u00e9faut de cette aide, <strong>vous pouvez faire appel \u00e0 la PMI<\/strong>, structure d&rsquo;aide et d&rsquo;accompagnement pour les parents d&rsquo;enfants jusqu&rsquo;\u00e0 l&rsquo;\u00e2ge de trois ans.<\/p>\n<p>\u00a0<\/p>\n<p><strong>Si vous d\u00e9sirez des informations plus d\u00e9velopp\u00e9es sur la garde d&rsquo;un enfant, vous pouvez vous rendre sur la <a href=\"https:\/\/grossesseimprevue.fr\/garder-le-bebe\/\">page d\u00e9di\u00e9e<\/a> de notre site<\/strong><\/p>\n\n","protected":false},"excerpt":{"rendered":"<p>Je viens d&rsquo;apprendre que je suis enceinte et je suis perdue, que faire ? D&rsquo;abord,sachez que tout peut tr&egrave;s bien se passer, quelle que soit votre d&eacute;cision concernant l&rsquo;avenir de la grossesse. Des solutions existent. Vous ne serez pas seule<\/p>\n","protected":false},"author":2,"featured_media":0,"parent":0,"menu_order":0,"comment_status":"closed","ping_status":"closed","template":"","meta":{"footnotes":""},"class_list":["post-593","page","type-page","status-publish","hentry"],"_links":{"self":[{"href":"https:\/\/grossesseimprevue.fr\/index.php\/wp-json\/wp\/v2\/pages\/593","targetHints":{"allow":["GET"]}}],"collection":[{"href":"https:\/\/grossesseimprevue.fr\/index.php\/wp-json\/wp\/v2\/pages"}],"about":[{"href":"https:\/\/grossesseimprevue.fr\/index.php\/wp-json\/wp\/v2\/types\/page"}],"author":[{"embeddable":true,"href":"https:\/\/grossesseimprevue.fr\/index.php\/wp-json\/wp\/v2\/users\/2"}],"replies":[{"embeddable":true,"href":"https:\/\/grossesseimprevue.fr\/index.php\/wp-json\/wp\/v2\/comments?post=593"}],"version-history":[{"count":30,"href":"https:\/\/grossesseimprevue.fr\/index.php\/wp-json\/wp\/v2\/pages\/593\/revisions"}],"predecessor-version":[{"id":2557,"href":"https:\/\/grossesseimprevue.fr\/index.php\/wp-json\/wp\/v2\/pages\/593\/revisions\/2557"}],"wp:attachment":[{"href":"https:\/\/grossesseimprevue.fr\/index.php\/wp-json\/wp\/v2\/media?parent=593"}],"curies":[{"name":"wp","href":"https:\/\/api.w.org\/{rel}","templated":true}]}}